 Suppose l = -4*f + 12, 0*f + 3*f - 224 = -k*m. What are the prime factors of m?
43
Let o = -257 + -108. Let x = o + 675. List the prime factors of x.
2, 5, 31
Let h(a) = 73*a + 580. List the prime factors of h(10).
2, 5, 131
Let f(u) = u**3 + 17*u**2 + 39*u - 16. List the prime factors of f(-12).
2, 59
Suppose -5*t + 3016 = 3*t. Suppose 0 = -5*f - b + t, -4*b - 72 = -2*f + 92. What are the prime factors of f?
2, 19
Let j = 18 + -16. Suppose 2*t = -5*f - j*t + 267, -5*f + 2*t = -279. List the prime factors of f.
5, 11
Suppose 7*l - 12 = 2. What are the prime factors of (-6)/((-3)/88*l)?
2, 11
Let m(g) = -g**3 - 11*g**2 + 7*g + 11. Let y be m(-13). Suppose s - 14 + 68 = -2*t, 5*s + 4*t + y = 0. Let b = 79 + s. What are the prime factors of b?
29
Let u = -20 - -25. Suppose -u = -3*j + 1. Suppose -l - j = -22. What are the prime factors of l?
2, 5
Let j(u) = 5*u - 7. Let o be j(5). What are the prime factors of (2 - 3 - o)*-1?
19
Suppose -3*x - 10 = -2*z, -4*x - 2*z = -8*x - 12. What are the prime factors of (-3 + 2 - -75)/(x/(-5))?
5, 37
List the prime factors of 17928/63*(4 + (-39)/(-6)).
2, 3, 83
Let d(a) = -2*a**2 - 16*a - 8. Let l be d(-7). Suppose b + l*b = 1414. List the prime factors of b.
2, 101
Let p = -45 - -148. List the prime factors of p.
103
Let l = 803 - 245. What are the prime factors of l?
2, 3, 31
Let x(z) = -z**2 + 10*z - 26. Let k be x(11). Let g = k + 47. What are the prime factors of g?
2, 5
Suppose s + 0*s + 109 = 5*t, -t + s + 25 = 0. Suppose 11*f + t = 14*f. What are the prime factors of 3105/63 + (-2)/f?
7
Let g(o) = -o - 40. Let p be g(0). Let n be (-208)/(-3) - p/(-30). Suppose 5*x - 42 - n = 0. List the prime factors of x.
2, 11
Let p be (2 - -2)*2*4. Let h = p + 28. What are the prime factors of h?
2, 3, 5
Suppose 2 = -2*f + 3*f. Let i(l) = l**2 - l + 2. Let a be i(f). List the prime factors of (-1 + 70)*a/12.
23
Suppose -53*s - 420 = -47*s. Let q = -26 - s. What are the prime factors of q?
2, 11
Let s = 30 - 51. Suppose 3*t - 3*u + 144 = 7*t, 0 = 5*t + 4*u - 180. Let i = s + t. List the prime factors of i.
3, 5
Suppose n + 4*n = 10. Suppose t + 8 = n*f, -t - 2*t = -5*f + 22. Suppose -46 = -2*g - f*x, 0*g - 5*x = g - 23. List the prime factors of g.
23
Let t(i) = 4*i**2 + 7. Let a(o) = -2*o + 25. Let f be a(10). What are the prime factors of t(f)?
107
Let c(v) = -2*v - 3*v + 5 - 5*v + 6*v. What are the prime factors of c(-11)?
7
Suppose -3*t = -2*p + 647, -2*p = -19*t + 23*t - 668. What are the prime factors of p?
2, 41
Let k(d) = d**3 - 5*d**2 + 6*d - 2. Let f be k(4). Let v = f + -3. What are the prime factors of v?
3
Suppose 4902 = 9*p - 3*p. List the prime factors of p.
19, 43
Let y = -93 - -99. Let z = y + 33. List the prime factors of z.
3, 13
Let t = 6 - 8. Let d(h) = -42*h - 1. List the prime factors of d(t).
83
Let c(w) = -w. Let l be c(1). Let k be (-1 - 2/l) + -3. Let a = k + 13. List the prime factors of a.
11
Let r = -769 + 1316. List the prime factors of r.
547
Let k(c) = 9*c - 15. Let l be k(2). Suppose -w = -u + 295, -l*w - 279 = -u + 12. List the prime factors of u.
3, 11
Suppose 2*c - 11 - 3 = -5*u, 0 = -2*u + 4*c + 20. Suppose 0 = -3*y + u*y - 24. What are the prime factors of y?
2, 3
Suppose c + 2 = 5. Suppose 0 = 5*f - 3*u + 6*u - 802, 0 = -c*u + 12. What are the prime factors of f?
2, 79
Let d = 1296 + -875. Suppose -5*x = 2*n - d, 2*n - n - 83 = -x. What are the prime factors of x?
5, 17
Suppose 5*c = -l + 229, -4*l + 241 = -0*c + 5*c. List the prime factors of c.
3, 5
Let i(g) = -3*g**2 + 5*g + 3 + 4*g - 13*g + g**3. Let k be i(4). Suppose -2*l + 6 + 5 = z, k*z - 38 = -l. What are the prime factors of z?
13
Suppose -5*h + 55 = -3*b, 3*b + 40 + 9 = 2*h. Let q = 9 + b. List the prime factors of (-110)/q + (-3)/9.
2, 3
Let u be 1/(-1*(-5)/(-10)). What are the prime factors of 55 + u + (5 - 4)?
2, 3
Let t(u) = -6*u**2 - 2*u + 2. Let c be t(-2). Suppose -3*i + 2*a - 4*a + 85 = 0, -4*i + 2*a = -104. Let l = c + i. List the prime factors of l.
3
List the prime factors of -4 - (9 + -4 - 1989).
2, 3, 5, 11
Let o(r) = -r**2 - r - 1. Let a(s) = -s**3 + 11*s**2 + 15*s + 25. Let n(f) = a(f) + 2*o(f). List the prime factors of n(10).
53
Let b(m) be the second derivative of -8*m + 0 + 1/20*m**5 + 1/12*m**4 + 29*m**2 + 0*m**3. What are the prime factors of b(0)?
2, 29
Suppose -42*l + 10884 = -36*l. List the prime factors of l.
2, 907
Let z be (81 + -84)*(0 + -2 + 1). Suppose -324 = z*c - 816. List the prime factors of c.
2, 41
Let h be 176/40 + (-4)/10. Suppose 0 = -h*f + 11 + 5. Suppose 0 = -g + 9 + f. List the prime factors of g.
13
Let d = -243 + 540. What are the prime factors of d?
3, 11
Let o = -67 - -51. Let r(a) = -a - 2. List the prime factors of r(o).
2, 7
Let i be (-27)/18*(-28)/3. Suppose 2*d - 7*g = -2*g + i, 5*g + 10 = 0. Suppose -3*p - d*p - 4*l = -158, 3*l = -p + 25. What are the prime factors of p?
2, 17
Let v(r) = r**3 + 8*r**2 + 4*r + 14. Suppose -4*j = -2*j - 18. Suppose -6 - j = 5*p - 4*s, -60 = 5*p + 5*s. What are the prime factors of v(p)?
5, 7
Let s(k) = k**2 + 3*k - 7. Let r be s(3). Suppose -r*l + 1303 = -413. What are the prime factors of l?
2, 3, 13
Suppose -4*w = 3*s - 342, 48 = 3*w + 5*s - 214. Suppose -2*q = -20 - w. List the prime factors of 8/q + (-232)/(-13).
2, 3
Let g = 24 - 28. What are the prime factors of (186/g)/(11/(-22))?
3, 31
Let r(q) = -1241*q + 13. List the prime factors of r(-1).
2, 3, 11, 19
Suppose -38*h - 1010 = -43*h. Suppose -6*u - h = -1372. What are the prime factors of u?
3, 5, 13
Let p(g) = -g**3 - 7*g**2 + 6*g - 4. Let a be p(-8). Let r = -11 + a. Suppose -i - r = -9. List the prime factors of i.
2
Let x(r) = -2*r + 2*r - 2*r + 52. What are the prime factors of x(21)?
2, 5
Let p = 1752 + -1468. List the prime factors of p.
2, 71
Let p(x) = x - 10. Let o be p(14). Suppose o*t + 15 = 47. Let d = 4 + t. What are the prime factors of d?
2, 3
Suppose -2*j + 5*y = -194, -j - 65 + 156 = -y. Suppose -58 = -2*q + 3*q. Let t = q + j. What are the prime factors of t?
29
Suppose 0 = -33*n + 5213 + 11617. What are the prime factors of n?
2, 3, 5, 17
List the prime factors of 4/(-14) + 157984/224.
3, 5, 47
Let f(w) = -1 + 0*w**2 + 0*w**2 - 7*w + w**2 - 2. Let o(q) = q + 1. Let a(j) = f(j) + 6*o(j). What are the prime factors of a(5)?
23
Let m(n) = n**3 + 12*n**2 - 12*n - 14. Let r be m(-12). Let d = -40 + r. What are the prime factors of d?
2, 3, 5
Let o = 131 + -125. List the prime factors of o/10 - ((-582)/5 + 3).
2, 3, 19
Let a(f) = -f**2 + 3*f + 2. Let d be a(2). Let n = 20 - 24. What are the prime factors of ((-2)/d)/(n/56)?
7
Let n = 61 - 83. Let h(a) = -28*a - 1. Let v be h(-3). Let s = v + n. What are the prime factors of s?
61
Let q(f) = f + 10. Let p be q(-8). Suppose -c - 8 = -p*c. What are the prime factors of 32 + 2 + (3 - c)?
29
Suppose -9 = 9*m - 45. List the prime factors of 43*7 - (-9)/(9/m).
5, 61
Suppose 0 = r - p - 2326, -4*p - 2332 = 4*r - 5*r. What are the prime factors of r?
2, 7, 83
Suppose -c = 0, 0*c + 2*c - 882 = 3*r. List the prime factors of 5/(-5)*(-5)/((-10)/r).
3, 7
Suppose 1 = -2*y - s + 24, 31 = 3*y + 5*s. Suppose 0 = -10*n + y*n - 30. Suppose -2*i + 7 = -n. What are the prime factors of i?
11
Suppose 622 = -8*i - 258. Let t = 350 + i. What are the prime factors of t?
2, 3, 5
Let p(m) = -m**3 + 34*m**2 - 46*m - 5. List the prime factors of p(28).
3, 379
Suppose -5*f + 922 = i + 18, -932 = -i + 2*f. What are the prime factors of i?
2, 3, 7, 11
Let t(k) = 879*k + 165. List the prime factors of t(3).
2, 3, 467
Let g(m) = -148*m + 476. What are the prime factors of g(-12)?
2, 563
Let k(d) = 3*d**2 + 9*d - 58. What are the prime factors of k(-13)?
2, 83
Let z = 1687 - 973. Let i be z/36 - 1/(-6). Suppose -2 = m, -5*n + 11 = 2*m - i. List the prime factors of n.
7
Let q(r) = r**3 + 6*r**2 + 7. Let c(v) = -v - 24. Let d be c(-18). Let k be q(d). Suppose -5*z = -k*z + 54. List the prime factors of z.
3
Let f be 9/(-15) - (-9)/15. Suppose f = -k + 2*k - 33. Suppose i = 2*b - k, 0 = -i - 2*i + 15. List the prime factors of b.
19
What are the prime factors of (-8)/(-4 + (-204)/(-54))?
2, 3
Let m(f) = -274*f + 9. Let q be m(-2). What are the prime factors of (-8)/(-52) + q/13?
43
Suppose 0 = 5*h - 0*c - 4*c - 109, h = -2*c + 19. Let n = h 